
Let u = -11 - -26. Suppose 0 = 5*q + u - 45. Suppose -3*p + 0*p = -q. What are the prime factors of p?
2
Suppose -5*b + 3*m = -20, 0 = 5*b - 4*m - 36 + 11. Let q(v) = -2*v**3 - 3*v**2 + v**2 - b + 0 - v. What are the prime factors of q(-2)?
3
Suppose q - 107 = o - 4*q, 0 = -o - 2*q - 114. List the prime factors of 4/(-26) + o/(-52).
2
Let g be 146/(-4) + 3/(-6). List the prime factors of (g - 0/4)/(-1).
37
Let j = -6 + 12. Let f be (-1 + -1)*15/j. Let g = -3 - f. List the prime factors of g.
2
What are the prime factors of (-70)/(-805) + (-9658)/(-23)?
2, 3, 5, 7
Let b(i) = i**2 - 9*i + 10. Let x be b(7). Let r = x + 3. What are the prime factors of (3/(-3))/(r/17)?
17
Let v(i) = -2*i + 0*i**2 - 4*i + i**2. Let x be v(5). Let p = x - -15. List the prime factors of p.
2, 5
Suppose 0*v - 4*v - 14 = -2*s, 39 = 3*s + 3*v. List the prime factors of s.
11
Let s(o) = o**3 - 2*o**2 - 2. Let q be s(3). Let k = q + 0. List the prime factors of k.
7
Suppose -3*i + 5 = -1. Let q = -31 + 34. Suppose i*j - 4*j = q*b - 39, j = 0. List the prime factors of b.
13
Let a(o) = 1 + o**3 - 2*o**3 - 8*o**2 - 3. Let j be a(-8). What are the prime factors of (0 - j) + -2 + 5?
5
Suppose -6 = 2*t - 4*t. Suppose -4*v - 5*u = -55, -v + t = 3*u - 9. What are the prime factors of v?
3, 5
Suppose -2*w + 573 = 175. List the prime factors of w.
199
Suppose -21 - 129 = 5*z. Let j be z/(-2) - (-3 - -4). Let u = j - 1. List the prime factors of u.
13
Let j(u) be the third derivative of -2*u**2 + 1/6*u**4 + 0 - 1/6*u**3 + 0*u. List the prime factors of j(2).
7
Let v = 24 - 28. Let t(u) = -u**2 - 5*u + 4. What are the prime factors of t(v)?
2
Suppose -5*g = -3*s - 4, 2*g - 14 = -2*s - 3*s. Suppose g*t - 20 = v, -12 + 4 = 2*v. List the prime factors of t.
2
Let p(z) = 2*z**2 + 3*z + 13. List the prime factors of p(-7).
2, 3, 5
Let v be 5*(18/15)/1. Suppose -2*w + v = -18. List the prime factors of w.
2, 3
Let v = -30 + 38. List the prime factors of v.
2
Let q(l) = -l + 3*l**2 - 9*l - 4*l**2 - 9. Let r = -3 + -5. List the prime factors of q(r).
7
Let y(j) be the third derivative of j**6/720 - j**4/24 - j**2. Let g(r) be the second derivative of y(r). What are the prime factors of g(2)?
2
Let w(s) = -s**3 - 13*s**2 + 14*s + 31. What are the prime factors of w(-14)?
31
Let u = 66 + -43. List the prime factors of u.
23
Suppose 0 = v + 1 - 3. Let m(c) = c + v*c - 2*c + c. List the prime factors of m(4).
2
Let h = -3 - -5. Suppose 5*n - 95 = 4*p, -h*n = 3*p - 0*p - 15. List the prime factors of n.
3, 5
Let m = -5 + 6. Let l be m*(-5 - 1)/3. What are the prime factors of 3/((-3)/l) - -6?
2
Suppose -2*k - 2*p - 7 = -3*p, -4*k + 16 = 4*p. Let r be k/(-5) + 54/(-45). Let m = 9 + r. List the prime factors of m.
2
Suppose l - 5*l = -8. List the prime factors of 13 + 28 + 1*l.
43
Suppose -2*b - 2*w = -0*w - 30, 2*b = -3*w + 27. What are the prime factors of b?
2, 3
What are the prime factors of (-21)/3*(-13)/1?
7, 13
Let u(h) = h**2 - 4*h - 2. Let t be 7 + 2/(-2) + -2. Let g be u(t). Let b = g + 6. What are the prime factors of b?
2
Let q(d) = 2*d**2 + 4. Let f be q(3). Let b = 76 + -42. Let t = b - f. List the prime factors of t.
2, 3
What are the prime factors of (6/12)/(1/46)?
23
Let z(m) = -m**2 - 9*m - 7. Let w be z(-8). List the prime factors of w + -2 + -1 - -6.
2
Let s = 23 + 0. Suppose s - 7 = 2*r. What are the prime factors of r?
2
Let j = 41 + 73. List the prime factors of j.
2, 3, 19
Suppose -3*l + 9 = -0*l, -5*s = 3*l - 2174. List the prime factors of s.
433
Suppose 7 = -2*d + 15. Suppose g = -4 + 7, 0 = 5*a - d*g - 58. Let c = a - 2. List the prime factors of c.
2, 3
What are the prime factors of (-464)/(-5) + 4/20?
3, 31
Suppose -5*i = -2*i + a - 758, -4*i = 5*a - 1007. What are the prime factors of i?
11, 23
What are the prime factors of ((-126)/(-49))/((-9)/(-84))?
2, 3
Let l(g) = -4 - g - 7*g + g + 3*g. List the prime factors of l(-3).
2
Suppose 3 - 13 = 5*b. List the prime factors of (-42)/b + (0 - -1).
2, 11
Suppose 5*y - 36 = -11. What are the prime factors of y + (-9)/3 + 4?
2, 3
Let g(h) = 6*h**3 - 2*h**2 - 2*h. What are the prime factors of g(2)?
2, 3
Suppose 5 - 14 = s. List the prime factors of (-12)/s*(-9)/(-2).
2, 3
Let b(u) = 6*u + 1. Let k be b(1). Suppose p - k = -s, -2*p - p + s + 9 = 0. What are the prime factors of p?
2
Let j(x) = -x**2 + 6*x + 4. Let v be j(6). Suppose v*z + 0 - 16 = 0. Suppose -z*t + 3 = -13. What are the prime factors of t?
2
Let b = 41 + 7. What are the prime factors of b?
2, 3
Suppose 19*a = 16*a + 429. What are the prime factors of a?
11, 13
Suppose -n = 3*n. Suppose 9*a - 4*a - 65 = n. List the prime factors of a.
13
List the prime factors of (-23 + 5)/((-2)/3).
3
Suppose c + 2*t = t - 3, c - t - 5 = 0. Let k be (c - 0)/((-2)/24). Let d = 20 + k. What are the prime factors of d?
2
Suppose 11 = -0*a + a. What are the prime factors of a?
11
Suppose 0 = 5*y - 3*j - 321, 2*y - 138 = -0*y - 2*j. List the prime factors of y.
2, 3, 11
Let u(i) = i**3 - 6*i**2 + 5*i + 5. Let p be u(5). Suppose 48 = 4*c - 3*m, -p*c + 60 = 3*m - 4*m. Let l = c - 3. What are the prime factors of l?
3
Suppose y + 320 = 5*y. What are the prime factors of 12*(y/12)/5?
2
Let t be -3 + (6 - (-2 + -1)). List the prime factors of ((-4)/t)/(1/(-45)).
2, 3, 5
Let x be (-2)/(-1*2*-1). Let q(c) = 7*c**2. What are the prime factors of q(x)?
7
Suppose 0 = x + 5*c + 28, 4*x + 2*c - 1 = -23. Let d(a) = -5*a - 7. What are the prime factors of d(x)?
2
Suppose -5*o = -47 - 33. What are the prime factors of o?
2
Suppose -9 = 2*v - 47. What are the prime factors of v?
19
Suppose -4*z - 2*v = 3*v - 63, z = 3*v + 37. List the prime factors of z.
2, 11
Suppose -4*t = -5*c - 12, -3*t = 4*c - 13 + 4. Suppose -2 = 3*l - 2*j - 38, 0 = t*l + 4*j - 54. What are the prime factors of l?
2, 7
Let x = 11 + -8. Suppose -2*u - u = -5*h + 1, -5*u = -x*h + 7. Let i = 2 - u. List the prime factors of i.
2
Let o be -3 - (1 - (-2 - -5)). Let a = 6 + o. What are the prime factors of a?
5
Let u = 6 - 8. Let z(f) be the second derivative of -f**5/20 - f**4/12 - f**3/3 - f**2/2 + 8*f. List the prime factors of z(u).
7
Suppose 0 = -5*t + 7*t + g + 1, 2*g + 18 = 4*t. What are the prime factors of 5 - 3/(6/t)?
2
Suppose 0*k = -3*k. Suppose -5*o - w + 43 = k, -4*o = -4*w + 7 - 51. List the prime factors of o.
3
What are the prime factors of (-200)/(-12) + 4/3?
2, 3
Let t be (13/2)/(2/(-4)). List the prime factors of t/(-1)*(0 - -1).
13
Suppose 3*n - 4*x + 0*x = 264, 6 = 2*x. Suppose 5*a - a - n = 0. What are the prime factors of a?
23
Let f(i) = -i**2 - 10*i + 22. What are the prime factors of f(-10)?
2, 11
Suppose 3*l - 555 = -0*l. What are the prime factors of l?
5, 37
Suppose y + d = -2 + 3, y - 7 = 5*d. What are the prime factors of (-136)/(-10) + y/5?
2, 7
Let n be (64/10)/(6/15). Suppose -n = z - 68. What are the prime factors of z?
2, 13
Suppose -3*l - 2*l = -45. What are the prime factors of l?
3
Let o = -78 + 118. Suppose 4*p + 4 = 5*v, -5*v - p + o = 4*p. List the prime factors of v.
2
Let u(l) = 2*l**3 - 4*l**2 + 2*l + 1. Let a be u(2). Suppose 13 = -a*p + 58. What are the prime factors of p?
3
Let v(w) = 4*w**2 - 6*w + 13. List the prime factors of v(11).
431
Let m(s) = 2*s**2 + 1. Let v be m(3). Suppose -b + v = 2*y, -2*y + 28 = -0*b + 2*b. Suppose b + 21 = 3*l. What are the prime factors of l?
2, 5
What are the prime factors of ((-102)/9 - -4)*-3?
2, 11
Suppose -40 = -0*i - 4*i. List the prime factors of i.
2, 5
Suppose -3*d = 2*d. Suppose -4*g + 14 + 86 = d. What are the prime factors of g?
5
Let f = 93 - 27. Let q = -34 + f. What are the prime factors of q?
2
Let o(b) = 2*b**2 - 3*b - 1. What are the prime factors of o(-2)?
13
Let m(o) = o**3 - 7*o**2 - 6*o - 3. Let p(b) = b**2 - 5*b + 3. Let k be p(5). Let w(v) = v**3 - v**2 - 2*v - 4. Let j be w(k). List the prime factors of m(j).
13
Let o be 7/3*(-36)/6. Let s = 5 - o. What are the prime factors of s?
19
Let z(c) = c + 9. Let p be z(-7). Suppose -f + p = -4*a, 5*f - f - a = 38. What are the prime factors of f?
2, 5
Suppose 0 = 4*n + 5*a - 4, -28 = 4*n - 4*a + a. List the prime factors of 147/12 + 1/n.
2, 3
Suppose 5*a + 3*k = 256, 0 = -0*a - 3*a - 3*k + 150. Let j = -35 + a. What are the prime factors of j?
2, 3
Let c(u) = -u**3 + 3*u**2 